{"id":89152,"date":"2026-01-23T09:44:32","date_gmt":"2026-01-23T15:44:32","guid":{"rendered":"https:\/\/amiiwo.com\/store\/?post_type=product&#038;p=89152"},"modified":"2026-01-26T08:59:03","modified_gmt":"2026-01-26T14:59:03","slug":"sivar-run","status":"publish","type":"product","link":"https:\/\/amiiwo.com\/store\/product\/sivar-run\/","title":{"rendered":"SIVAR RUN"},"content":{"rendered":"","protected":false},"excerpt":{"rendered":"<p style=\"text-align: justify;\"><strong>DETALLES DE CARRERA:<\/strong><\/p>\n<ul style=\"text-align: justify;\">\n<li><strong>Fecha:<\/strong> Domingo 06 de septiembre, 2026<\/li>\n<li><strong>Hora de salida: <\/strong>6:00 am<\/li>\n<li><strong>Distancias:<\/strong> 1k pet friendly, 1k familiar, 3k, 5k, 10k<\/li>\n<li><strong>Lugar del evento: <\/strong>Centro Hist\u00f3rico<\/li>\n<li><strong>Precio de inscripci\u00f3n:<\/strong> $20.00<\/li>\n<\/ul>\n<p style=\"text-align: justify;\"><strong>INSCRIPCI\u00d3N INCLUYE:\u00a0<\/strong><\/p>\n<ul>\n<li style=\"list-style-type: none;\">\n<ul>\n<li>Camiseta del evento<\/li>\n<li>N\u00famero dorsal<\/li>\n<li>Sistema de cronometraje con chip electr\u00f3nico<\/li>\n<li>Hidrataci\u00f3n en recorrido<\/li>\n<li>Fotograf\u00eda en el recorrido<\/li>\n<li>Seguridad en el recorrido<\/li>\n<li>Medalla del evento<\/li>\n<\/ul>\n<\/li>\n<\/ul>\n<p><strong>A favor de la Fundaci\u00f3n Contra la Fibrosis Qu\u00edstica del hospital Benjam\u00edn Bloom<\/strong><\/p>\n","protected":false},"featured_media":89157,"comment_status":"closed","ping_status":"closed","template":"","meta":{"_uf_show_specific_survey":0,"_uf_disable_surveys":false},"product_brand":[],"product_cat":[156],"product_tag":[],"class_list":{"0":"post-89152","1":"product","2":"type-product","3":"status-publish","4":"has-post-thumbnail","6":"product_cat-asfalto","7":"tm-no-options","9":"first","10":"instock","11":"sold-individually","12":"taxable","13":"shipping-taxable","14":"purchasable","15":"product-type-variable"},"jetpack_sharing_enabled":true,"_links":{"self":[{"href":"https:\/\/amiiwo.com\/store\/wp-json\/wp\/v2\/product\/89152","targetHints":{"allow":["GET"]}}],"collection":[{"href":"https:\/\/amiiwo.com\/store\/wp-json\/wp\/v2\/product"}],"about":[{"href":"https:\/\/amiiwo.com\/store\/wp-json\/wp\/v2\/types\/product"}],"replies":[{"embeddable":true,"href":"https:\/\/amiiwo.com\/store\/wp-json\/wp\/v2\/comments?post=89152"}],"wp:featuredmedia":[{"embeddable":true,"href":"https:\/\/amiiwo.com\/store\/wp-json\/wp\/v2\/media\/89157"}],"wp:attachment":[{"href":"https:\/\/amiiwo.com\/store\/wp-json\/wp\/v2\/media?parent=89152"}],"wp:term":[{"taxonomy":"product_brand","embeddable":true,"href":"https:\/\/amiiwo.com\/store\/wp-json\/wp\/v2\/product_brand?post=89152"},{"taxonomy":"product_cat","embeddable":true,"href":"https:\/\/amiiwo.com\/store\/wp-json\/wp\/v2\/product_cat?post=89152"},{"taxonomy":"product_tag","embeddable":true,"href":"https:\/\/amiiwo.com\/store\/wp-json\/wp\/v2\/product_tag?post=89152"}],"curies":[{"name":"wp","href":"https:\/\/api.w.org\/{rel}","templated":true}]}}