{"id":91285,"date":"2026-03-27T09:49:27","date_gmt":"2026-03-27T15:49:27","guid":{"rendered":"https:\/\/amiiwo.com\/store\/?post_type=product&#038;p=91285"},"modified":"2026-05-11T14:56:38","modified_gmt":"2026-05-11T20:56:38","slug":"ultrataco","status":"publish","type":"product","link":"https:\/\/amiiwo.com\/store\/product\/ultrataco\/","title":{"rendered":"ULTRATACO"},"content":{"rendered":"","protected":false},"excerpt":{"rendered":"<p style=\"text-align: justify;\"><strong>ULTRATACO<\/strong> se caracteriza por ser una de las carreras de Trail con mayor diversidad de microclimas y tipo de terrenos, en el coraz\u00f3n de Ataco y Apaneca. Un desaf\u00edo por bosques nebulosos de cipreses, senderos de caf\u00e9, lagunas y miradores con paisajes deslumbrantes hacia la costa del pac\u00edfico. Posterior a la carrera podr\u00e1s disfrutar de su pueblo vivo y pintoresco con su diversa de cultura, gastronom\u00eda y tradiciones. \u00a1Prep\u00e1rate para vivir una experiencia \u00fanica en la famosa ruta de las flores!<\/p>\n<p style=\"text-align: justify;\"><strong>DETALLES DE CARRERA:<\/strong><\/p>\n<ul style=\"text-align: justify;\">\n<li><strong>Fecha:<\/strong> Domingo 24 de mayo, 2026<\/li>\n<li><strong>Meta \/ Salida: <\/strong>Parque central, Concepci\u00f3n de Ataco, Ahuachap\u00e1n<\/li>\n<li><strong>Ubicaci\u00f3n:<\/strong> <a href=\"https:\/\/goo.gl\/maps\/fHxjcMGpPsihEf6F9\">https:\/\/goo.gl\/maps\/fHxjcMGpPsihEf6F9<\/a><\/li>\n<\/ul>\n<p style=\"text-align: justify;\"><strong>DISTANCIAS \/ DESNIVEL +<\/strong><\/p>\n<ul>\n<li style=\"list-style-type: none;\">\n<ul>\n<li>55KM \/ D+2,605<\/li>\n<li>30KM \/ D+1,153<\/li>\n<li>15KM \/ D+620<\/li>\n<li>6KM \/ D+250<\/li>\n<\/ul>\n<\/li>\n<\/ul>\n<p><strong>DISTANCIAS \/ PRECIO CON CAMISETA \/ PRECIO SIN CAMISETA<\/strong><\/p>\n<ul>\n<li>55KM \/ $70 \/ $60<\/li>\n<li>30KM \/ $50 \/ $40<\/li>\n<li>15KM \/ $40 \/ $35<\/li>\n<li>6KM \/ $35 \/ $30<\/li>\n<\/ul>\n<p style=\"text-align: justify;\"><strong>HORARIOS DE SALIDA:<\/strong><\/p>\n<ul style=\"text-align: justify;\">\n<li style=\"list-style-type: none;\">\n<ul>\n<li>55KM &#8211; 5:00AM<\/li>\n<li>30KM &#8211; 5:30AM<\/li>\n<li>15KM &#8211; 6:30AM<\/li>\n<li>6KM &#8211; 7:30AM<\/li>\n<\/ul>\n<\/li>\n<\/ul>\n<p><strong>INSCRIPCI\u00d3N INCLUYE:\u00a0<\/strong><\/p>\n<ul>\n<li style=\"list-style-type: none;\">\n<ul>\n<li>Camiseta ultra-performance Headsweats<\/li>\n<li>Medalla finisher<\/li>\n<li>N\u00famero dorsal<\/li>\n<li>Sistema de cronometraje con chip electr\u00f3nico<\/li>\n<li>Hidrataci\u00f3n en recorrido<\/li>\n<li>Puntos de abastecimiento<\/li>\n<li>Se\u00f1alizaci\u00f3n\u00a0en recorrido<\/li>\n<li>Accesos a propiedad privada<\/li>\n<li>Fotograf\u00eda en recorrido<\/li>\n<li>Seguridad<\/li>\n<li>Asistencia m\u00e9dica<\/li>\n<\/ul>\n<\/li>\n<\/ul>\n<p><strong>ADICIONAL PARA DISTANCIA 50KM:<\/strong><\/p>\n<ul>\n<li>Bandana oficial de Ultrataco<\/li>\n<\/ul>\n<p><strong>ENTREGA DE KITS:<\/strong><\/p>\n<p><strong>San Salvador:<\/strong><\/p>\n<ul>\n<li>Fecha: jueves 21 de mayo<\/li>\n<li>Lugar: Presidente Plaza, Ave. De la Revoluci\u00f3n, San Salvador<\/li>\n<li>Ubicaci\u00f3n: <a href=\"https:\/\/maps.app.goo.gl\/ndzPzi8GiW62CWKt6\">https:\/\/maps.app.goo.gl\/ndzPzi8GiW62CWKt6<\/a><\/li>\n<li>Horario: 9:00AM \u2013 6:00PM<\/li>\n<\/ul>\n<p><strong>Concepci\u00f3n de Ataco (Lugar de Carrera)<\/strong><\/p>\n<ul>\n<li>Fecha: s\u00e1bado 23 de mayo<\/li>\n<li>Lugar: Parque Central, Concepci\u00f3n de Ataco<\/li>\n<li>Ubicaci\u00f3n: <a href=\"https:\/\/maps.app.goo.gl\/LrQwhaGk7PNdFshh6\">https:\/\/maps.app.goo.gl\/LrQwhaGk7PNdFshh6<\/a><\/li>\n<li>Horario: 10:00AM \u2013 4:00PM<\/li>\n<\/ul>\n<p><strong>NOTAS:<\/strong><\/p>\n<ul>\n<li>Cualquier cambio se notificar\u00e1 con antelaci\u00f3n.<\/li>\n<li>NO se entregar\u00e1n kits el d\u00eda del evento. Favor asegurarse de retirar o enviar a alguien en su representaci\u00f3n (con su debida autorizaci\u00f3n e identificaci\u00f3n) a retirar su kit.<\/li>\n<\/ul>\n<p><strong>M\u00e1s informaci\u00f3n en: <\/strong><a href=\"https:\/\/trailrunnerselsalvador.com\/ultrataco\/\">https:\/\/trailrunnerselsalvador.com\/ultrataco\/<\/a><\/p>\n<p><strong>\u26a0\ufe0f <\/strong><strong>CUPO LIMITADO <\/strong><strong>\u26a0\ufe0f<\/strong><\/p>\n","protected":false},"featured_media":91291,"comment_status":"closed","ping_status":"closed","template":"","meta":{"_uf_show_specific_survey":0,"_uf_disable_surveys":false},"product_brand":[],"product_cat":[157],"product_tag":[],"class_list":{"0":"post-91285","1":"product","2":"type-product","3":"status-publish","4":"has-post-thumbnail","6":"product_cat-trail","7":"tm-no-options","9":"first","10":"instock","11":"sold-individually","12":"taxable","13":"shipping-taxable","14":"purchasable","15":"product-type-variable"},"jetpack_sharing_enabled":true,"_links":{"self":[{"href":"https:\/\/amiiwo.com\/store\/wp-json\/wp\/v2\/product\/91285","targetHints":{"allow":["GET"]}}],"collection":[{"href":"https:\/\/amiiwo.com\/store\/wp-json\/wp\/v2\/product"}],"about":[{"href":"https:\/\/amiiwo.com\/store\/wp-json\/wp\/v2\/types\/product"}],"replies":[{"embeddable":true,"href":"https:\/\/amiiwo.com\/store\/wp-json\/wp\/v2\/comments?post=91285"}],"wp:featuredmedia":[{"embeddable":true,"href":"https:\/\/amiiwo.com\/store\/wp-json\/wp\/v2\/media\/91291"}],"wp:attachment":[{"href":"https:\/\/amiiwo.com\/store\/wp-json\/wp\/v2\/media?parent=91285"}],"wp:term":[{"taxonomy":"product_brand","embeddable":true,"href":"https:\/\/amiiwo.com\/store\/wp-json\/wp\/v2\/product_brand?post=91285"},{"taxonomy":"product_cat","embeddable":true,"href":"https:\/\/amiiwo.com\/store\/wp-json\/wp\/v2\/product_cat?post=91285"},{"taxonomy":"product_tag","embeddable":true,"href":"https:\/\/amiiwo.com\/store\/wp-json\/wp\/v2\/product_tag?post=91285"}],"curies":[{"name":"wp","href":"https:\/\/api.w.org\/{rel}","templated":true}]}}