{"id":94049,"date":"2026-04-27T15:12:04","date_gmt":"2026-04-27T21:12:04","guid":{"rendered":"https:\/\/amiiwo.com\/store\/?post_type=product&#038;p=94049"},"modified":"2026-04-27T16:13:51","modified_gmt":"2026-04-27T22:13:51","slug":"iron-race-mtb","status":"publish","type":"product","link":"https:\/\/amiiwo.com\/store\/product\/iron-race-mtb\/","title":{"rendered":"IRON RACE MTB"},"content":{"rendered":"","protected":false},"excerpt":{"rendered":"<p><strong>DETALLES DE CARRERA:<\/strong><\/p>\n<ul>\n<li><strong>Fecha:<\/strong> Domingo 17 de mayo, 2026<\/li>\n<li><strong>Hora de convocatoria: <\/strong>6:30 am<\/li>\n<li><strong>Lugar de salida y meta: <\/strong>Gasolinera Texaco desvi\u00f3 al cerro verde<\/li>\n<li><strong>Valor:<\/strong> $18.00<\/li>\n<\/ul>\n<ul>\n<li><strong>Categor\u00edas y distancias:<\/strong>\n<ul>\n<li><strong>\u00a035 kil\u00f3metros.<\/strong>\n<ul>\n<li><strong>CATEGORIAS:<\/strong><\/li>\n<li><strong>Open:<\/strong> Libre de edad.<\/li>\n<li><strong>Junior<\/strong><\/li>\n<li><strong>M\u00e1ster A:<\/strong> 30 &#8211; 39 a\u00f1os.<\/li>\n<li><strong>M\u00e1ster B:<\/strong> 40 &#8211; 49 a\u00f1os.<\/li>\n<li><strong>M\u00e1ster C:<\/strong> 50 a\u00f1os y m\u00e1s.<\/li>\n<li><strong>E-bike:<\/strong> libre de edad<\/li>\n<\/ul>\n<\/li>\n<\/ul>\n<\/li>\n<\/ul>\n<ul>\n<li style=\"list-style-type: none;\">\n<ul>\n<li><strong>27 kil\u00f3metros- 688mts de ascenso acumulado <\/strong>\n<ul>\n<li><strong>CATEGORIAS:<\/strong><\/li>\n<li><strong>Femenina :<\/strong> Libre de edad.<\/li>\n<li><strong>Novatos:<\/strong> libre de edad<\/li>\n<li><strong>200 libras:<\/strong> libre de edad<\/li>\n<li><strong>Traves\u00eda<\/strong><\/li>\n<\/ul>\n<\/li>\n<\/ul>\n<\/li>\n<\/ul>\n<ul>\n<li><strong>Inscripci\u00f3n incluye:<\/strong>\n<ul>\n<li>Abastecimientos, puesto de hidrataci\u00f3n y Asistencia.<\/li>\n<li>Premiaci\u00f3n a los tres primeros lugares de cada categor\u00eda<\/li>\n<li>Cronometraje<\/li>\n<li>Degustaci\u00f3n\u00a0 y bebidas al finalizar<\/li>\n<li>N\u00fameros<\/li>\n<li>Se\u00f1alizaci\u00f3n y orientaci\u00f3n en el recorrido<\/li>\n<li>Fotograf\u00edas<\/li>\n<li>Regal\u00edas de patrocinadores<\/li>\n<li>M\u00e1s&#8230;.<\/li>\n<\/ul>\n<\/li>\n<\/ul>\n<p><strong>Los\u00a0 N\u00fameros se entregar\u00e1n el d\u00eda del evento de 6:15 am a 7:15 am en canopy de los comisarios<\/strong><\/p>\n","protected":false},"featured_media":94073,"comment_status":"closed","ping_status":"closed","template":"","meta":{"_uf_show_specific_survey":0,"_uf_disable_surveys":false},"product_brand":[],"product_cat":[161],"product_tag":[],"class_list":{"0":"post-94049","1":"product","2":"type-product","3":"status-publish","4":"has-post-thumbnail","6":"product_cat-ciclismo","7":"tm-no-options","9":"first","10":"instock","11":"sold-individually","12":"taxable","13":"shipping-taxable","14":"purchasable","15":"product-type-variable"},"jetpack_sharing_enabled":true,"_links":{"self":[{"href":"https:\/\/amiiwo.com\/store\/wp-json\/wp\/v2\/product\/94049","targetHints":{"allow":["GET"]}}],"collection":[{"href":"https:\/\/amiiwo.com\/store\/wp-json\/wp\/v2\/product"}],"about":[{"href":"https:\/\/amiiwo.com\/store\/wp-json\/wp\/v2\/types\/product"}],"replies":[{"embeddable":true,"href":"https:\/\/amiiwo.com\/store\/wp-json\/wp\/v2\/comments?post=94049"}],"wp:featuredmedia":[{"embeddable":true,"href":"https:\/\/amiiwo.com\/store\/wp-json\/wp\/v2\/media\/94073"}],"wp:attachment":[{"href":"https:\/\/amiiwo.com\/store\/wp-json\/wp\/v2\/media?parent=94049"}],"wp:term":[{"taxonomy":"product_brand","embeddable":true,"href":"https:\/\/amiiwo.com\/store\/wp-json\/wp\/v2\/product_brand?post=94049"},{"taxonomy":"product_cat","embeddable":true,"href":"https:\/\/amiiwo.com\/store\/wp-json\/wp\/v2\/product_cat?post=94049"},{"taxonomy":"product_tag","embeddable":true,"href":"https:\/\/amiiwo.com\/store\/wp-json\/wp\/v2\/product_tag?post=94049"}],"curies":[{"name":"wp","href":"https:\/\/api.w.org\/{rel}","templated":true}]}}

<p><strong>DETALLES DE CARRERA:</strong></p>
<ul>
<li><strong>Fecha:</strong> Domingo 17 de mayo, 2026</li>
<li><strong>Hora de convocatoria: </strong>6:30 am</li>
<li><strong>Lugar de salida y meta: </strong>Gasolinera Texaco desvió al cerro verde</li>
<li><strong>Valor:</strong> $18.00</li>
</ul>
<ul>
<li><strong>Categorías y distancias:</strong>
<ul>
<li><strong> 35 kilómetros.</strong>
<ul>
<li><strong>CATEGORIAS:</strong></li>
<li><strong>Open:</strong> Libre de edad.</li>
<li><strong>Junior</strong></li>
<li><strong>Máster A:</strong> 30 &#8211; 39 años.</li>
<li><strong>Máster B:</strong> 40 &#8211; 49 años.</li>
<li><strong>Máster C:</strong> 50 años y más.</li>
<li><strong>E-bike:</strong> libre de edad</li>
</ul>
</li>
</ul>
</li>
</ul>
<ul>
<li style="list-style-type: none;">
<ul>
<li><strong>27 kilómetros- 688mts de ascenso acumulado </strong>
<ul>
<li><strong>CATEGORIAS:</strong></li>
<li><strong>Femenina :</strong> Libre de edad.</li>
<li><strong>Novatos:</strong> libre de edad</li>
<li><strong>200 libras:</strong> libre de edad</li>
<li><strong>Travesía</strong></li>
</ul>
</li>
</ul>
</li>
</ul>
<ul>
<li><strong>Inscripción incluye:</strong>
<ul>
<li>Abastecimientos, puesto de hidratación y Asistencia.</li>
<li>Premiación a los tres primeros lugares de cada categoría</li>
<li>Cronometraje</li>
<li>Degustación  y bebidas al finalizar</li>
<li>Números</li>
<li>Señalización y orientación en el recorrido</li>
<li>Fotografías</li>
<li>Regalías de patrocinadores</li>
<li>Más&#8230;.</li>
</ul>
</li>
</ul>
<p><strong>Los  Números se entregarán el día del evento de 6:15 am a 7:15 am en canopy de los comisarios</strong></p>
